8. Calculate the greatest common factor of 16 and t.
4
Let n(c) = 6*c + 1. Let u be n(22). Let l be (-57)/(-9) - (-2)/3. Calculate the greatest common factor of u and l.
7
Suppose -53*j + 160 = -33*j. Calculate the highest common factor of 648 and j.
8
Suppose -3*v + 13 = -4*f + 1, 5*f + 15 = 0. Suppose -4*m - 235 = -5*a, -2*m = -v*a - a + 53. Calculate the highest common divisor of a and 344.
43
Let i = -6 + 3. Let y = 14 + i. Suppose -2*j = -168 + 14. Calculate the highest common divisor of y and j.
11
Let n = -1070 + 1107. Calculate the greatest common divisor of n and 592.
37
Let a be 3 - 3/((-9)/6). Suppose -4*p = -0*m - 2*m + 292, -2*p = -a*m + 746. Let i = m + -38. Calculate the greatest common factor of 14 and i.
14
Let x be (-17)/(-4) - ((-20)/16)/(-5). Suppose 5*p + n - 90 = -x*n, -3*n + 28 = p. Calculate the highest common divisor of p and 52.
13
Suppose 1 + 27 = 4*o. Suppose -19*w + 1412 = -51. What is the greatest common factor of w and o?
7
Let r(x) = -x**3 - 2*x**2 - x - 4. Let f be r(-2). Let o(t) = 2*t**2 + 3*t + 3. Let m be o(f). Calculate the greatest common factor of m and 10.
5
Let s be (-2 + (-10)/(-20))*196/(-6). Calculate the highest common divisor of 245 and s.
49
Let u = 14 - 13. Let g be u/(-1 - 0) - 63. Let f = 98 + g. What is the highest common factor of 17 and f?
17
Let j(g) = -49*g**3 + g. Let o be ((-3 + 7)/2)/(-2). Let t be j(o). Suppose 0 = 4*y - 2*f - 18, 5*f + 9 = 4*y. What is the greatest common factor of y and t?
6
Let s(n) = 2*n**2 - 31 + 14 - 3*n + 12. Let m be s(5). What is the greatest common divisor of m and 10?
10
Let y(g) = 2*g**3 + 9*g**2 + 4*g - 5. Let p(n) = n**3 + n**2 + n - 1. Let v(l) = -4*p(l) + y(l). Let f be v(2). What is the greatest common factor of f and 33?
3
Let m(z) = z**3 - 4*z**2 + z - 5. Let t be m(4). Suppose 2*r - 14 = -42. Let v be r/(-4) + t/2. Calculate the greatest common divisor of 3 and v.
3
Let u = 73 + 354. Calculate the greatest common divisor of 183 and u.
61
Let i(g) = g**3 + 11*g**2 + 20*g - 31. Let l be i(-8). Suppose -35 = -3*t + 22. Calculate the greatest common factor of t and l.
1
Let r be 26/(-2 - 0) + -2. Let n be (0 + r/(-2))*2. Let w = n + -10. Calculate the greatest common divisor of 55 and w.
5
Let o = -6 + 0. Let s be ((-2)/(-4))/(o/(-204)). Let m(v) = v**2 - 9*v + 17. Let p be m(9). Calculate the greatest common divisor of s and p.
17
Let k(w) = -w - 3. Let l(y) = 2*y + 3. Let n(a) = -6*k(a) - 5*l(a). Let p be n(-8). What is the greatest common divisor of 14 and p?
7
Let b be 10/((-10)/(-2)) - -3. Suppose 5*s - 5 = -b*g, -4*s + g - 25 = -9*s. Calculate the greatest common factor of s and 6.
6
Let n be 1*16/(-6)*-3. Let l be 293/3 - n/12. Suppose 0 = 3*z - 0*h - 2*h - l, -3*h + 69 = 2*z. Calculate the greatest common divisor of z and 22.
11
Let x be 2/(((-12)/34)/(-3)). Suppose 3*v + 3*n = 8*v - 70, -2*n - 7 = -v. Calculate the highest common divisor of v and x.
17
Let x(v) = -v**2 - v + 25. Let h be x(0). Let z = -19 - -14. Let k = h + z. What is the greatest common factor of 140 and k?
20
Suppose 3*d + 5*o - 220 = 0, 5*d = 2*o + 492 - 146. What is the greatest common factor of 168 and d?
14
Suppose 4*o + 2*u = 644, -7*u + 10*u = o - 154. What is the greatest common divisor of o and 128?
32
Let o be (-3)/3*(5 - 4). Let v be (25/(-2))/(o/2). What is the highest common factor of v and 175?
25
Let m(n) = 44*n**2 - 3*n - 2. Let o be m(-2). What is the greatest common factor of o and 24?
12
Let q(w) = 97*w**2 + w. Let t be q(-1). Suppose 0 = -3*u + 4*g + 52, -u - 5*g + 4 = u. What is the highest common factor of u and t?
12
Let z = -6 + 15. Suppose z*g - 10*g + 9 = 0. Suppose h - 4*h + g = 0. What is the greatest common divisor of 2 and h?
1
Let n be (2 - 0) + (-2295)/(-15). What is the highest common divisor of 31 and n?
31
Let m(u) = -8*u**3 + u**2. Let y be m(-1). Let h = -633 - -642. Calculate the greatest common divisor of y and h.
9
Let b(z) = -18*z**3 - 2*z**2 + 3*z + 3. Let h be b(-2). Calculate the highest common divisor of h and 76.
19
Let d = 407 + -267. What is the highest common factor of 30 and d?
10
Suppose 88 = -43*b + 47*b. Calculate the highest common divisor of b and 2.
2
Let a(f) = -39*f + 80. Let h be a(2). Suppose 2*r = 20 + 16. Suppose j = -h*j + r. Calculate the highest common divisor of 18 and j.
6
Let m(k) = -40*k**2 + k. Suppose -2 = -5*l + 6*l. Let z be m(l). Let j = -87 - z. Calculate the highest common factor of 15 and j.
15
Suppose -2*s - 682 = -4*j - 5*s, j = s + 167. What is the highest common divisor of 65 and j?
13
Suppose 8*r = 3*r - 10. Let d be -3 + (r - -2) - 6. Let q = d + 15. Calculate the greatest common factor of q and 4.
2
Suppose 5*z = 5*f - 155, -8*f - 2*z = -3*f - 169. Calculate the highest common factor of 187 and f.
11
Suppose 17*y - 19*y + 474 = 0. Suppose -y + 57 = -4*h. Calculate the highest common divisor of h and 9.
9
Let i(m) = -34*m - 4. Let a be i(-1). Let d be -1 + 4 - -1 - -6. What is the greatest common factor of a and d?
10
Suppose 6*b = -b - 42. Let s(y) = y**3 + 9*y**2 + 5*y - 1. Let q be s(b). What is the greatest common divisor of 11 and q?
11
Let q = -713 + 728. Let l = -2 + 4. Suppose 0 = -6*k + k + 5*u + 775, -l*u - 610 = -4*k. What is the greatest common factor of k and q?
15
Let y be (0 - (2 + -6))*2. Let n(a) = -a + a**3 + 4 - 2*a**2 + 1 + y*a**2. Let o be n(-6). Calculate the highest common divisor of o and 11.
11
Let p = -1038 - -1061. What is the greatest common divisor of p and 621?
23
Let t(y) = -5*y**3 + 17*y + 63. Let q be t(-5). Calculate the greatest common divisor of 9 and q.
9
Let v = 897 + -882. What is the highest common factor of 96 and v?
3
Suppose -4*r + 8*r = 896. Let c = -125 + r. What is the highest common divisor of 9 and c?
9
Let b = 45 + -25. Suppose -3 + b = i. Suppose i = 3*l - 1. Calculate the highest common divisor of 15 and l.
3
Let h = -256 - -277. Calculate the highest common divisor of 35 and h.
7
Suppose 17*z - 1516 - 473 = 0. Calculate the greatest common divisor of z and 26.
13
Let b be ((-30)/(-8))/((-10)/40). Let c = -13 - b. Let o = 11 - 7. Calculate the highest common divisor of o and c.
2
Suppose 3*s + 3 = 0, -3*g = -5*s - 0 - 50. Suppose -4*o = 5*u - 324 - 236, 0 = 3*u - 12. Calculate the greatest common factor of o and g.
15
Suppose 2*m + 19*c - 16*c = 268, 3*m - 4*c = 436. What is the highest common factor of m and 180?
20
Suppose -5*s + 6*s - 234 = 0. Suppose 6*i - s = 9*i. Let b = -49 - i. What is the greatest common factor of 232 and b?
29
Suppose -v + 565 = -6*v. Let x = v - -128. Suppose -1 - 9 = -2*l. What is the greatest common divisor of l and x?
5
Suppose -3*b - b + 108 = 0. Suppose -39*x = -36*x - 891. Calculate the greatest common divisor of x and b.
27
Let a be (-356)/(-28) + 2/7. Let k be (-2895)/(-25) - (-24)/20. Calculate the highest common divisor of k and a.
13
Suppose q - 24 = 3*a, -33*q = -36*q - 3*a + 132. What is the greatest common factor of q and 3?
3
Suppose -3*u + 0*g + 2*g = -38, 46 = 3*u - 4*g. Let l = 2440 + -2420. Calculate the highest common divisor of u and l.
10
Let r(b) = 3*b**2 + 5*b**2 + 17*b**3 - 18*b**3 + b. Suppose 4*v + 6 = 5*u - 34, 4*v = 0. Let x be r(u). Calculate the greatest common divisor of x and 20.
4
Let n be -4 - ((-234)/(-12) + -5)*-2. What is the highest common divisor of n and 575?
25
Let u be (3*18)/((-2)/(-2)). Suppose -o - 2 = 70. Let q be (o/21)/((-10)/105). Calculate the greatest common divisor of q and u.
18
Let d(a) = a**2 - 17*a + 4. Let w(c) = -3*c**2 + 52*c - 11. Let y(z) = 8*d(z) + 3*w(z). Let s be y(16). What is the greatest common factor of s and 7?
7
Let p be 1 + 2 - (-2 - -1). Let i be (p/(-8))/((-2)/(-48)). Let r = i - -26. Calculate the highest common divisor of r and 56.
14
Let o(l) = 14*l**2 - 6*l - 3. Let w(d) = d**3 + 5*d**2 + 7*d + 5. Let v be w(-2). Let z be o(v). What is the highest common factor of 21 and z?
21
Suppose -2*j - 17 = -r, 2*r + 0*r = -j + 34. What is the greatest common divisor of 153 and r?
17
Let q = 1093 - 928. What is the highest common divisor of q and 30?
15
Let q(o) = -o**2 - 2*o + 22. Let g be q(0). Suppose -2*z + 2*c + 2*c + 44 = 0, 0 = -2*z + 2*c + 44. Calculate the greatest common factor of z and g.
22
Let u be ((-4)/(-5))/((-6)/(-15)). Let c be 